{"id":5346,"date":"2024-06-24T15:35:40","date_gmt":"2024-06-24T13:35:40","guid":{"rendered":"https:\/\/visionsdafrique.fr\/2024\/?page_id=5346"},"modified":"2024-09-20T11:45:14","modified_gmt":"2024-09-20T09:45:14","slug":"soutenir-le-festival-visions-dafrique","status":"publish","type":"page","link":"https:\/\/visionsdafrique.fr\/2024\/soutenir-le-festival-visions-dafrique\/","title":{"rendered":"Soutenir le festival Visions d&rsquo;Afrique"},"content":{"rendered":"\n<div class=\"wp-block-uagb-image uagb-block-7b9ebd06 wp-block-uagb-image--layout-default wp-block-uagb-image--effect-static wp-block-uagb-image--align-none\"><figure class=\"wp-block-uagb-image__figure\"><img decoding=\"async\" srcset=\"https:\/\/visionsdafrique.fr\/2024\/wp-content\/uploads\/sites\/9\/2024\/06\/HELLOASSO_BANNIERE_CAMPAGNE.jpg ,https:\/\/visionsdafrique.fr\/2024\/wp-content\/uploads\/sites\/9\/2024\/06\/HELLOASSO_BANNIERE_CAMPAGNE.jpg 780w, https:\/\/visionsdafrique.fr\/2024\/wp-content\/uploads\/sites\/9\/2024\/06\/HELLOASSO_BANNIERE_CAMPAGNE.jpg 360w\" sizes=\"auto, (max-width: 480px) 150px\" src=\"https:\/\/visionsdafrique.fr\/2024\/wp-content\/uploads\/sites\/9\/2024\/06\/HELLOASSO_BANNIERE_CAMPAGNE.jpg\" alt=\"\" class=\"uag-image-5347\" width=\"1920\" height=\"1080\" title=\"HELLOASSO_BANNIERE_CAMPAGNE\" loading=\"lazy\" role=\"img\"\/><\/figure><\/div>\n\n\n\n<div class=\"wp-block-uagb-container uagb-block-8db2532a alignfull uagb-is-root-container\"><div class=\"uagb-container-inner-blocks-wrap\">\n<h2 class=\"wp-block-heading has-text-color has-link-color wp-elements-9d276521181ce8da04a5230315babf1f\" style=\"color:#de4015\">15<sup>e<\/sup> \u00e9dition<br>16 &gt; 22 octobre 2024<\/h2>\n\n\n\n<h3 class=\"wp-block-heading\">Qui sommes-nous ?<\/h3>\n\n\n\n<p><em>L&rsquo;association<\/em> <strong>Afriques en Sc\u00e8ne<\/strong><em> a \u00e9t\u00e9 cr\u00e9\u00e9e par G\u00e9rard La Cognata en 2010 pour organiser les&nbsp; rencontres cin\u00e9matographiques du pays Marennes Ol\u00e9ron, <\/em><strong>Visions d&rsquo;Afrique<\/strong><em>.<\/em><\/p>\n\n\n\n<p><em>Mi-octobre,<\/em> Visions d&rsquo;Afrique<em> propose, ann\u00e9e apr\u00e8s ann\u00e9e, la projection d&rsquo;une vingtaine de films venus de tous le continent africain \u00e0 des milliers de spectateurs de toute la r\u00e9gion Aquitaine et de la Charente-Maritime.&nbsp;<\/em><\/p>\n\n\n\n<p><em>Dans le cadre superbe de l&rsquo;\u00eele d&rsquo;Ol\u00e9ron et dans une ambiance d\u00e9contract\u00e9e et passionn\u00e9e, des avant-premi\u00e8res, des films in\u00e9dits, des rencontres avec des femmes et des hommes de cin\u00e9ma (cin\u00e9astes, critiques) \u00e9maillent la semaine dans les cin\u00e9mas de Saint-Pierre-d&rsquo;Ol\u00e9ron (l&rsquo;Eldorado) et de Marennes (L&rsquo;Estran).&nbsp;<\/em><\/p>\n\n\n\n<p><em>Des \u00e9crivain.e.s africain.e.s du continent sont re\u00e7us, eux, dans les m\u00e9diath\u00e8ques, les coll\u00e8ges et les lyc\u00e9es de la r\u00e9gion, offrant l&rsquo;occasion de belles rencontres \u00e0 la d\u00e9couverte du monde.&nbsp;<\/em><\/p>\n\n\n\n<p><em>Sans oublier des expositions photos, des concerts et des conf\u00e9rences sur l&rsquo;actualit\u00e9 du continent.&nbsp;<\/em><\/p>\n\n\n\n<p><em>En 14 \u00e9ditions, <\/em>Visions d&rsquo;Afrique<em> a montr\u00e9 plus de 210 films et invit\u00e9 une quarantaine de cin\u00e9astes, productrices et producteurs ou actrices et acteurs, parmi les plus marquants des cin\u00e9matographies d&rsquo;Afrique.<\/em><\/p>\n\n\n\n<h3 class=\"wp-block-heading\">Notre projet artistique en quelques mots<\/h3>\n\n\n\n<ul class=\"wp-block-list\">\n<li>Offrir un panorama de la filmographie la plus r\u00e9cente du continent africain, et r\u00e9v\u00e9ler de jeunes cin\u00e9astes, auteurs de films de fiction ou documentaires, courts et longs m\u00e9trages.<\/li>\n\n\n\n<li>Patrimoine&nbsp;: pr\u00e9senter chaque ann\u00e9e une r\u00e9trospective d\u2019un cin\u00e9aste du continent<\/li>\n\n\n\n<li>Accueillir dans les m\u00e9diath\u00e8ques de l\u2019Ile et de Marennes des \u00e9crivain.e.s du continent<\/li>\n\n\n\n<li>Aborder des probl\u00e9matiques citoyennes et soci\u00e9tales.<\/li>\n\n\n\n<li>Ouvrir la manifestation aux \u00e9coles primaires, lyc\u00e9es et coll\u00e8ges pour mieux cr\u00e9er du lien entre la culture et l&rsquo;enseignement.<\/li>\n\n\n\n<li>Rendre les cultures africaines accessibles \u00e0 tous et&nbsp;favoriser la rencontre.<\/li>\n<\/ul>\n\n\n\n<div style=\"height:50px\" aria-hidden=\"true\" class=\"wp-block-spacer\"><\/div>\n\n\n\n<div class=\"wp-block-uagb-container uagb-block-d4830f72 alignfull uagb-is-root-container\"><div class=\"uagb-container-inner-blocks-wrap\">\n<h2 class=\"wp-block-heading has-text-color has-link-color wp-elements-de32d947bd02c4c21e0564ff401d7772\" style=\"color:#f6f0a2\"><strong>Soutenez Visions d\u2019Afrique<\/strong><br><strong>en devenant m\u00e9c\u00e8ne individuel<\/strong><\/h2>\n<\/div><\/div>\n\n\n\n<div style=\"height:30px\" aria-hidden=\"true\" class=\"wp-block-spacer\"><\/div>\n\n\n\n<p><em>Comme toutes les manifestations culturelles nous d\u00e9pendons pour une grande partie des subventions publiques.<\/em>&nbsp; Or pour permettre le succ\u00e8s de la 15\u00e8me \u00e9dition de Visions d\u2019Afrique et d\u00e9velopper de nouvelles actions,&nbsp; <em>Afriques en Sc\u00e8ne<\/em> a besoin de&nbsp;<strong>concours financiers suppl\u00e9mentaires<\/strong>.<\/p>\n\n\n\n<p>C&rsquo;est pourquoi nous nous sommes d\u00e9cid\u00e9s \u00e0 vous demander votre soutien sous forme de dons, qui feront de vous des <em>m\u00e9c\u00e8nes individuels,<\/em> impliqu\u00e9s \u00e0 nos c\u00f4t\u00e9s pour contribuer \u00e0 une meilleure visibilit\u00e9 de la production artistique et culturelle de l&rsquo;Afrique.<\/p>\n\n\n\n<div class=\"wp-block-uagb-container uagb-block-b88b33f6 alignfull uagb-is-root-container\"><div class=\"uagb-container-inner-blocks-wrap\">\n<div class=\"wp-block-uagb-container uagb-block-328ddff5\">\n<h3 class=\"wp-block-heading\">Je donne :<\/h3>\n\n\n\n<p><strong>50 \u20ac (17 \u20ac apr\u00e8s d\u00e9duction fiscale)<\/strong><br>Vous recevrez, en remerciement, une affichette du Festival.<\/p>\n\n\n\n<p><strong>100 \u20ac (34 \u20ac apr\u00e8s d\u00e9duction fiscale)<\/strong><br>Vous recevrez, en remerciement,<br>2 places valables pour une s\u00e9ance du Festival, ou un catalogue,<br>+ une affichette du Festival.<\/p>\n\n\n\n<p><strong>200 \u20ac (68 \u20ac apr\u00e8s d\u00e9duction fiscale)<\/strong><br>Vous recevrez en remerciement,&nbsp;<br>les contreparties offertes pour un don de 100 \u20ac&nbsp;<br>+ 2 invitations pour l&rsquo;une des soir\u00e9es sp\u00e9ciales du Festival.<\/p>\n\n\n\n<p><strong>300 \u20ac (102 \u20ac apr\u00e8s d\u00e9duction fiscale)<\/strong><br>Vous recevrez en remerciement, les contreparties offertes pour un don de 200 \u20ac<br>+ un exemplaire du livre&nbsp;<em>15 ans des cin\u00e9mas d&rsquo;Afrique au Pays Marennes Ol\u00e9ron <\/em>(titre provisoire).<\/p>\n\n\n\n<h3 class=\"wp-block-heading\">\u00c0 quoi serviront vos dons&nbsp;?<\/h3>\n\n\n\n<p>Votre soutien nous permettra de mener \u00e0 bien&nbsp; et de d\u00e9velopper <em>Visions d\u2019Afrique<\/em> dans les meilleures conditions, et notamment de s\u00e9lectionner plus de films, d\u2019accueillir et d\u2019inviter plus de cin\u00e9astes et d\u2019\u00e9crivain(e)s et de renforcer les rencontres en direction du jeune public.<\/p>\n\n\n\n<div class=\"wp-block-uagb-buttons uagb-buttons__outer-wrap uagb-btn__large-btn uagb-btn-tablet__default-btn uagb-btn-mobile__default-btn uagb-block-399985f6\"><div class=\"uagb-buttons__wrap uagb-buttons-layout-wrap \">\n<div class=\"wp-block-uagb-buttons-child uagb-buttons__outer-wrap uagb-block-489ea038 wp-block-button\"><div class=\"uagb-button__wrapper\"><a class=\"uagb-buttons-repeater wp-block-button__link\" aria-label=\"\" href=\"https:\/\/www.helloasso.com\/associations\/afriques-en-scene\/formulaires\/1\" rel=\"follow noopener\" target=\"_blank\" role=\"button\"><div class=\"uagb-button__link\">Je deviens m\u00e9c\u00e8ne maintenant<\/div><\/a><\/div><\/div>\n<\/div><\/div>\n<\/div>\n\n\n\n<div class=\"wp-block-uagb-container uagb-block-4145c0fe\">\n<h4 class=\"wp-block-heading\">Le saviez-vous ?<\/h4>\n\n\n\n<p style=\"font-size:14px\">Pour devenir m\u00e9c\u00e8ne, il n\u2019y a pas de montant minimum et chacun peut participer \u00e0 la hauteur qu\u2019il souhaite. Chaque don b\u00e9n\u00e9ficie d\u2019une&nbsp;d\u00e9duction fiscale \u00e0 hauteur de 66% du montant&nbsp;dans la limite de 20% du revenu imposable. (Ex&nbsp;: pour un don de 100 \u20ac, la d\u00e9duction fiscale sera de 66 \u20ac, soit un co\u00fbt r\u00e9el de 34 \u20ac &#8211; dans la limite de 20% de votre revenu imposable).<\/p>\n\n\n\n<p style=\"font-size:14px\">Pour vous remercier, nous vous proposons certaines contreparties et en tant que m\u00e9c\u00e8ne individuel, vous serez nominativement remerci\u00e9.e sur le site internet du Festival et pendant l\u2019\u00e9v\u00e9nement (sauf indication contraire de votre part).<\/p>\n\n\n\n<p style=\"font-size:14px\">Merci de votre aide.<\/p>\n<\/div>\n<\/div><\/div>\n<\/div><\/div>\n","protected":false},"excerpt":{"rendered":"<p>15e \u00e9dition16 &gt; 22 octobre 2024 Qui sommes-nous ? L&rsquo;association Afriques en Sc\u00e8ne a \u00e9t\u00e9 cr\u00e9\u00e9e par G\u00e9rard La Cognata en 2010 pour organiser les&nbsp; rencontres cin\u00e9matographiques du pays Marennes Ol\u00e9ron, Visions d&rsquo;Afrique. Mi-octobre, Visions d&rsquo;Afrique propose, ann\u00e9e apr\u00e8s ann\u00e9e, la projection d&rsquo;une vingtaine de films venus de tous le continent africain \u00e0 des milliers [&hellip;]<\/p>\n","protected":false},"author":1,"featured_media":5347,"parent":0,"menu_order":20,"comment_status":"closed","ping_status":"closed","template":"","meta":{"_acf_changed":false,"_uag_custom_page_level_css":"","footnotes":""},"class_list":["post-5346","page","type-page","status-publish","has-post-thumbnail","hentry"],"acf":[],"uagb_featured_image_src":{"full":["https:\/\/visionsdafrique.fr\/2024\/wp-content\/uploads\/sites\/9\/2024\/06\/HELLOASSO_BANNIERE_CAMPAGNE.jpg",1920,1080,false],"thumbnail":["https:\/\/visionsdafrique.fr\/2024\/wp-content\/uploads\/sites\/9\/2024\/06\/HELLOASSO_BANNIERE_CAMPAGNE-150x150.jpg",150,150,true],"medium":["https:\/\/visionsdafrique.fr\/2024\/wp-content\/uploads\/sites\/9\/2024\/06\/HELLOASSO_BANNIERE_CAMPAGNE-300x169.jpg",300,169,true],"medium_large":["https:\/\/visionsdafrique.fr\/2024\/wp-content\/uploads\/sites\/9\/2024\/06\/HELLOASSO_BANNIERE_CAMPAGNE-768x432.jpg",768,432,true],"large":["https:\/\/visionsdafrique.fr\/2024\/wp-content\/uploads\/sites\/9\/2024\/06\/HELLOASSO_BANNIERE_CAMPAGNE-1024x576.jpg",1024,576,true],"1536x1536":["https:\/\/visionsdafrique.fr\/2024\/wp-content\/uploads\/sites\/9\/2024\/06\/HELLOASSO_BANNIERE_CAMPAGNE-1536x864.jpg",1536,864,true],"2048x2048":["https:\/\/visionsdafrique.fr\/2024\/wp-content\/uploads\/sites\/9\/2024\/06\/HELLOASSO_BANNIERE_CAMPAGNE.jpg",1920,1080,false]},"uagb_author_info":{"display_name":"Julien","author_link":"https:\/\/visionsdafrique.fr\/2024\/author\/hapi_admin\/"},"uagb_comment_info":0,"uagb_excerpt":"15e \u00e9dition16 &gt; 22 octobre 2024 Qui sommes-nous ? L&rsquo;association Afriques en Sc\u00e8ne a \u00e9t\u00e9 cr\u00e9\u00e9e par G\u00e9rard La Cognata en 2010 pour organiser les&nbsp; rencontres cin\u00e9matographiques du pays Marennes Ol\u00e9ron, Visions d&rsquo;Afrique. Mi-octobre, Visions d&rsquo;Afrique propose, ann\u00e9e apr\u00e8s ann\u00e9e, la projection d&rsquo;une vingtaine de films venus de tous le continent africain \u00e0 des milliers\u2026","_links":{"self":[{"href":"https:\/\/visionsdafrique.fr\/2024\/wp-json\/wp\/v2\/pages\/5346","targetHints":{"allow":["GET"]}}],"collection":[{"href":"https:\/\/visionsdafrique.fr\/2024\/wp-json\/wp\/v2\/pages"}],"about":[{"href":"https:\/\/visionsdafrique.fr\/2024\/wp-json\/wp\/v2\/types\/page"}],"author":[{"embeddable":true,"href":"https:\/\/visionsdafrique.fr\/2024\/wp-json\/wp\/v2\/users\/1"}],"replies":[{"embeddable":true,"href":"https:\/\/visionsdafrique.fr\/2024\/wp-json\/wp\/v2\/comments?post=5346"}],"version-history":[{"count":10,"href":"https:\/\/visionsdafrique.fr\/2024\/wp-json\/wp\/v2\/pages\/5346\/revisions"}],"predecessor-version":[{"id":6730,"href":"https:\/\/visionsdafrique.fr\/2024\/wp-json\/wp\/v2\/pages\/5346\/revisions\/6730"}],"wp:featuredmedia":[{"embeddable":true,"href":"https:\/\/visionsdafrique.fr\/2024\/wp-json\/wp\/v2\/media\/5347"}],"wp:attachment":[{"href":"https:\/\/visionsdafrique.fr\/2024\/wp-json\/wp\/v2\/media?parent=5346"}],"curies":[{"name":"wp","href":"https:\/\/api.w.org\/{rel}","templated":true}]}}