{"id":1499,"date":"2019-08-23T10:31:20","date_gmt":"2019-08-23T08:31:20","guid":{"rendered":"https:\/\/visionsdafrique.fr\/2024\/?page_id=1499"},"modified":"2024-09-20T11:28:48","modified_gmt":"2024-09-20T09:28:48","slug":"festival-visions-d-afrique-edition-2024-rencontres-cinematographiques-marennes-oleron","status":"publish","type":"page","link":"https:\/\/visionsdafrique.fr\/2024\/","title":{"rendered":"Festival Visions d\u2019Afrique #15 \u2013 16 > 22 octobre 2024\u00a0&#8211; Les rencontres cin\u00e9matographiques du pays Marennes Ol\u00e9ron"},"content":{"rendered":"\n<div id=\"presentation\" class=\"wp-block-uagb-container home-container uagb-block-6097c29f alignfull uagb-is-root-container\"><div class=\"uagb-container-inner-blocks-wrap\">\n<div style=\"height:2rem\" aria-hidden=\"true\" class=\"wp-block-spacer\"><\/div>\n\n\n\n<div class=\"wp-block-uagb-container uagb-block-1ee86337 alignfull uagb-is-root-container\"><div class=\"uagb-container-inner-blocks-wrap\">\n<div data-aos= \"fade-up\" data-aos-duration=\"400\" data-aos-delay=\"0\" data-aos-easing=\"ease\" data-aos-once=\"true\" class=\"wp-block-uagb-container uag-hide-tab uag-hide-mob uagb-block-0f8dd729\">\n<div class=\"wp-block-uagb-image uagb-block-cbc1c3e8 wp-block-uagb-image--layout-default wp-block-uagb-image--effect-static wp-block-uagb-image--align-none\"><figure class=\"wp-block-uagb-image__figure\"><img decoding=\"async\" srcset=\"https:\/\/visionsdafrique.fr\/2024\/wp-content\/uploads\/sites\/9\/2024\/09\/VISIONS-DAFRIQUE_AFFICHE_2024_PROD_03_09_24-1-724x1024.jpg ,https:\/\/visionsdafrique.fr\/2024\/wp-content\/uploads\/sites\/9\/2024\/09\/VISIONS-DAFRIQUE_AFFICHE_2024_PROD_03_09_24-1.jpg 780w, https:\/\/visionsdafrique.fr\/2024\/wp-content\/uploads\/sites\/9\/2024\/09\/VISIONS-DAFRIQUE_AFFICHE_2024_PROD_03_09_24-1.jpg 360w\" sizes=\"auto, (max-width: 480px) 150px\" src=\"https:\/\/visionsdafrique.fr\/2024\/wp-content\/uploads\/sites\/9\/2024\/09\/VISIONS-DAFRIQUE_AFFICHE_2024_PROD_03_09_24-1-724x1024.jpg\" alt=\"\" class=\"uag-image-6013\" width=\"595\" height=\"842\" title=\"VISIONS-DAFRIQUE_AFFICHE_2024_PROD_03_09_24\" loading=\"lazy\" role=\"img\"\/><\/figure><\/div>\n<\/div>\n\n\n\n<div data-aos= \"fade-down\" data-aos-duration=\"400\" data-aos-delay=\"0\" data-aos-easing=\"ease\" data-aos-once=\"true\" class=\"wp-block-uagb-container uagb-block-c03ccedd\">\n<div data-aos= \"fade-up\" data-aos-duration=\"400\" data-aos-delay=\"0\" data-aos-easing=\"ease\" data-aos-once=\"true\" class=\"wp-block-uagb-advanced-heading uagb-block-aa7c58b7\"><p class=\"uagb-desc-text\"><strong>Festival Visions d\u2019Afrique #15<br>16 &gt; 22 octobre 2024<\/strong><\/p><h2 class=\"uagb-heading-text\">Les rencontres cin\u00e9matographiques<br>du pays Marennes Ol\u00e9ron<\/h2><\/div>\n\n\n\n<p>La passion qui a anim\u00e9 les cr\u00e9ateurs du festival, en 2010, nous l\u2019avons gard\u00e9e intacte, bien chevill\u00e9e au c\u0153ur&nbsp;! Elle continue \u00e0 irriguer la programmation qui conjugue cin\u00e9ma, litt\u00e9rature, expositions et concerts. Il faut dire que chaque ann\u00e9e apporte son lot de bonnes surprises&nbsp;: nouvelles \u00e9critures, nouveaux cin\u00e9astes, nouveaux territoires, comme le Cap Vert, la Somalie ou Madagascar, force du documentaire et du cin\u00e9ma au f\u00e9minin, pour cette 15<sup>e<\/sup> \u00e9dition&#8230;<\/p>\n\n\n\n<div class=\"wp-block-uagb-buttons uagb-buttons__outer-wrap uagb-btn__default-btn uagb-btn-tablet__default-btn uagb-btn-mobile__default-btn uagb-block-76987039\"><div class=\"uagb-buttons__wrap uagb-buttons-layout-wrap \">\n<div class=\"wp-block-uagb-buttons-child uagb-buttons__outer-wrap uagb-block-ffa4862a wp-block-button\"><div class=\"uagb-button__wrapper\"><a class=\"uagb-buttons-repeater wp-block-button__link\" aria-label=\"\" href=\"\/15e-edition-2024\" rel=\"follow noopener\" target=\"_self\" role=\"button\"><div class=\"uagb-button__link\">D\u00e9couvrir<\/div><\/a><\/div><\/div>\n<\/div><\/div>\n<\/div>\n<\/div><\/div>\n\n\n\n<div style=\"height:8rem\" aria-hidden=\"true\" class=\"wp-block-spacer\"><\/div>\n<\/div><\/div>\n\n\n\n<div class=\"wp-block-uagb-container home-container uagb-block-cd2316f3 alignfull uagb-is-root-container\"><div class=\"uagb-container-inner-blocks-wrap\">\n<div class=\"wp-block-uagb-advanced-heading uagb-block-0b4f1351\"><h2 class=\"uagb-heading-text\">Les invit\u00e9s du festival<\/h2><p class=\"uagb-desc-text\">Chaque ann\u00e9e, le festival Visions d&rsquo;Afrique re\u00e7oit des invit\u00e9s de marque,<br>cin\u00e9astes, \u00e9crivains ou personnalit\u00e9s de la culture africaine.<\/p><\/div>\n\n\n\n<div style=\"height:3.5rem\" aria-hidden=\"true\" class=\"wp-block-spacer\"><\/div>\n<\/div><\/div>\n\n\n\n<nav class=\"wp-block-uagb-container home-vip home-container uagb-layout-flex uagb-block-1faa740e alignfull uagb-is-root-container\"><div class=\"uagb-container-inner-blocks-wrap\">\n<div class=\"wp-block-uagb-container home-vip-card uagb-block-19ddb685\">\n<div class=\"wp-block-uagb-advanced-heading uagb-block-fe071737\"><h3 class=\"uagb-heading-text\">Le\u00efla Kilani<\/h3><p class=\"uagb-desc-text\"><strong>Cin\u00e9aste<\/strong><br>Maroc<\/p><\/div>\n<a class=\"spectra-container-link-overlay\" rel=\"noopener\" href=\"https:\/\/visionsdafrique.fr\/2024\/intervenant\/leila-kilani\/\"> <\/a><\/div>\n\n\n\n<div class=\"wp-block-uagb-container home-vip-card uagb-block-19daa09c\">\n<div class=\"wp-block-uagb-advanced-heading uagb-block-1436208f\"><h3 class=\"uagb-heading-text\">Osvalde Lewat<\/h3><p class=\"uagb-desc-text\"><strong>Documentariste &amp; \u00e9crivaine<br><\/strong>Cameroun<\/p><\/div>\n<a class=\"spectra-container-link-overlay\" rel=\"noopener\" href=\"https:\/\/visionsdafrique.fr\/2024\/intervenant\/osvalde-lewat\/\"> <\/a><\/div>\n\n\n\n<div class=\"wp-block-uagb-container home-vip-card uagb-block-a6b675e9\">\n<div class=\"wp-block-uagb-advanced-heading uagb-block-353c4370\"><h3 class=\"uagb-heading-text\">Carlos Yuri Ceuninck<\/h3><p class=\"uagb-desc-text\"><strong>Documentariste<\/strong><br>Cap-Vert<\/p><\/div>\n<a class=\"spectra-container-link-overlay\" rel=\"noopener\" href=\"https:\/\/visionsdafrique.fr\/2024\/intervenant\/carlos-yuri-ceuninck\/\"> <\/a><\/div>\n\n\n\n<div class=\"wp-block-uagb-container home-vip-card uagb-block-512b14a8\">\n<div class=\"wp-block-uagb-advanced-heading uagb-block-b9c201ce\"><h3 class=\"uagb-heading-text\">Wasis Diop<\/h3><p class=\"uagb-desc-text\"><strong>Cin\u00e9aste &amp; musicien<\/strong><br>S\u00e9n\u00e9gal<\/p><\/div>\n<a class=\"spectra-container-link-overlay\" rel=\"noopener\" href=\"https:\/\/visionsdafrique.fr\/2024\/intervenant\/wasis-diop\/\"> <\/a><\/div>\n\n\n\n<div class=\"wp-block-uagb-container home-vip-card uagb-block-b07fb025\">\n<div class=\"wp-block-uagb-advanced-heading uagb-block-f6ee8dd0\"><h3 class=\"uagb-heading-text\">Mohammed Latr\u00e8che<\/h3><p class=\"uagb-desc-text\"><strong>Documentariste<\/strong><br>Alg\u00e9rie<\/p><\/div>\n<a class=\"spectra-container-link-overlay\" rel=\"noopener\" href=\"https:\/\/visionsdafrique.fr\/2024\/intervenant\/mohammed-latreche\/\"> <\/a><\/div>\n\n\n\n<div class=\"wp-block-uagb-container home-vip-card-link uagb-block-cc2f5c9f\">\n<div class=\"wp-block-uagb-advanced-heading uagb-block-90717e98\"><p class=\"uagb-desc-text\">Visions d&rsquo;Afrique<br>15<sup>e <\/sup>\u00e9dition<\/p><h2 class=\"uagb-heading-text\">Tous les invit\u00e9s<br>&amp; intervenants<\/h2><\/div>\n<a class=\"spectra-container-link-overlay\" rel=\"noopener\" href=\"https:\/\/visionsdafrique.fr\/2024\/cineastes-intervenants\/\"> <\/a><\/div>\n<\/div><\/nav>\n\n\n\n<div style=\"height:3.5rem\" aria-hidden=\"true\" class=\"wp-block-spacer\"><\/div>\n","protected":false},"excerpt":{"rendered":"<p>Festival Visions d\u2019Afrique #1516 &gt; 22 octobre 2024 Les rencontres cin\u00e9matographiquesdu pays Marennes Ol\u00e9ron La passion qui a anim\u00e9 les cr\u00e9ateurs du festival, en 2010, nous l\u2019avons gard\u00e9e intacte, bien chevill\u00e9e au c\u0153ur&nbsp;! Elle continue \u00e0 irriguer la programmation qui conjugue cin\u00e9ma, litt\u00e9rature, expositions et concerts. Il faut dire que chaque ann\u00e9e apporte son lot [&hellip;]<\/p>\n","protected":false},"author":1,"featured_media":5319,"parent":0,"menu_order":0,"comment_status":"closed","ping_status":"closed","template":"template-homepage.php","meta":{"_acf_changed":false,"_uag_custom_page_level_css":"","footnotes":""},"class_list":["post-1499","page","type-page","status-publish","has-post-thumbnail","hentry"],"acf":[],"uagb_featured_image_src":{"full":["https:\/\/visionsdafrique.fr\/2024\/wp-content\/uploads\/sites\/9\/2024\/06\/VISIONS-DAFRIQUE_AFFICHE_2024_VISUEL_web.jpg",1920,1080,false],"thumbnail":["https:\/\/visionsdafrique.fr\/2024\/wp-content\/uploads\/sites\/9\/2024\/06\/VISIONS-DAFRIQUE_AFFICHE_2024_VISUEL_web-150x150.jpg",150,150,true],"medium":["https:\/\/visionsdafrique.fr\/2024\/wp-content\/uploads\/sites\/9\/2024\/06\/VISIONS-DAFRIQUE_AFFICHE_2024_VISUEL_web-300x169.jpg",300,169,true],"medium_large":["https:\/\/visionsdafrique.fr\/2024\/wp-content\/uploads\/sites\/9\/2024\/06\/VISIONS-DAFRIQUE_AFFICHE_2024_VISUEL_web-768x432.jpg",768,432,true],"large":["https:\/\/visionsdafrique.fr\/2024\/wp-content\/uploads\/sites\/9\/2024\/06\/VISIONS-DAFRIQUE_AFFICHE_2024_VISUEL_web-1024x576.jpg",1024,576,true],"1536x1536":["https:\/\/visionsdafrique.fr\/2024\/wp-content\/uploads\/sites\/9\/2024\/06\/VISIONS-DAFRIQUE_AFFICHE_2024_VISUEL_web-1536x864.jpg",1536,864,true],"2048x2048":["https:\/\/visionsdafrique.fr\/2024\/wp-content\/uploads\/sites\/9\/2024\/06\/VISIONS-DAFRIQUE_AFFICHE_2024_VISUEL_web.jpg",1920,1080,false]},"uagb_author_info":{"display_name":"Julien","author_link":"https:\/\/visionsdafrique.fr\/2024\/author\/hapi_admin\/"},"uagb_comment_info":0,"uagb_excerpt":"Festival Visions d\u2019Afrique #1516 &gt; 22 octobre 2024 Les rencontres cin\u00e9matographiquesdu pays Marennes Ol\u00e9ron La passion qui a anim\u00e9 les cr\u00e9ateurs du festival, en 2010, nous l\u2019avons gard\u00e9e intacte, bien chevill\u00e9e au c\u0153ur&nbsp;! Elle continue \u00e0 irriguer la programmation qui conjugue cin\u00e9ma, litt\u00e9rature, expositions et concerts. Il faut dire que chaque ann\u00e9e apporte son lot\u2026","_links":{"self":[{"href":"https:\/\/visionsdafrique.fr\/2024\/wp-json\/wp\/v2\/pages\/1499","targetHints":{"allow":["GET"]}}],"collection":[{"href":"https:\/\/visionsdafrique.fr\/2024\/wp-json\/wp\/v2\/pages"}],"about":[{"href":"https:\/\/visionsdafrique.fr\/2024\/wp-json\/wp\/v2\/types\/page"}],"author":[{"embeddable":true,"href":"https:\/\/visionsdafrique.fr\/2024\/wp-json\/wp\/v2\/users\/1"}],"replies":[{"embeddable":true,"href":"https:\/\/visionsdafrique.fr\/2024\/wp-json\/wp\/v2\/comments?post=1499"}],"version-history":[{"count":258,"href":"https:\/\/visionsdafrique.fr\/2024\/wp-json\/wp\/v2\/pages\/1499\/revisions"}],"predecessor-version":[{"id":6728,"href":"https:\/\/visionsdafrique.fr\/2024\/wp-json\/wp\/v2\/pages\/1499\/revisions\/6728"}],"wp:featuredmedia":[{"embeddable":true,"href":"https:\/\/visionsdafrique.fr\/2024\/wp-json\/wp\/v2\/media\/5319"}],"wp:attachment":[{"href":"https:\/\/visionsdafrique.fr\/2024\/wp-json\/wp\/v2\/media?parent=1499"}],"curies":[{"name":"wp","href":"https:\/\/api.w.org\/{rel}","templated":true}]}}